 = -4*g - 133576, -326*o - 33378 = -327*o + 5*g. What are the prime factors of o?
2, 16699
Suppose 0 = 5*c + 20, -80*c + 10 = 2*q - 81*c. Suppose q*w = 1815 - 48. What are the prime factors of w?
19, 31
Suppose 5*n - 5*k - 80 = 0, -63*n + 3*k - 24 = -64*n. Let h(u) = 3*u**3 - 51*u**2 + 8*u - 38. List the prime factors of h(n).
2, 7, 11
Let r be (-5)/7 + 1 + 225/21. Suppose r = -3*w + 26. Suppose -w*v + 4*j + 545 = -j, 0 = 4*j + 16. What are the prime factors of v?
3, 5, 7
Suppose 25*w = 27*w + 6. Let k(m) = 20*m**2 - 6*m - 13. What are the prime factors of k(w)?
5, 37
Let s be 0/((-2)/1*1) + 0. Suppose 26*i - 44*i + 13950 = s. What are the prime factors of i?
5, 31
Let f = -217 - -218. What are the prime factors of (-2828)/((-28)/4) - f?
13, 31
Let p(n) = 1. Let l(i) = -i**3 - 5*i**2 + 9*i - 16. Let k(b) = -l(b) + 5*p(b). What are the prime factors of k(7)?
2, 3, 7, 13
Let d = 882 - 103. Suppose 525 + d = 8*f. What are the prime factors of f?
163
Let x be ((-48)/(-1))/(6/(-76)). Let s = x - -1047. What are the prime factors of s?
439
Let f(s) = 185*s - 419. Let u(v) = -v**3 + 8*v**2 + 2*v - 4. Let a be u(8). What are the prime factors of f(a)?
1801
Let p = 413 + -404. Suppose 0 = p*o - 29*o + 14120. List the prime factors of o.
2, 353
What are the prime factors of 4*(-23 + 1854)*42/8?
3, 7, 1831
List the prime factors of ((-1720)/30 + 6)/(6/(-1647)).
3, 7, 11, 61
Suppose 0 = 2*m + 2*m - 3*m. Suppose -5*a + 385 + 325 = m. Let q = a - -25. List the prime factors of q.
167
Let j(n) = 3*n**2 - 7*n + 20. Let t be j(5). What are the prime factors of (120/(-9))/((-5)/t)?
2, 5
Let x(w) = -3*w + 14. Let t be x(-9). Suppose -4 - 33 = 3*z + a, a - 19 = z. Let m = z + t. List the prime factors of m.
3
Let a = -2272 + 4267. Let m = 1197 - a. List the prime factors of (-1)/((-2)/m*-3).
7, 19
Let o be (-8)/(-12) + (-28)/(-12). Suppose 300 = o*r - 4*h, -229 - 171 = -4*r + h. Let x = r + -47. List the prime factors of x.
53
Let t be (435 + 8 + 9)/(-2). What are the prime factors of t/(-3*9/162)?
2, 3, 113
Let z(d) = 59*d**3 - d**2. Let a be z(-1). Let q = -24 - a. Suppose 5*m - 32 = -w + 58, 5*w - q = -2*m. What are the prime factors of m?
2, 3
List the prime factors of -851*((-88)/56 + 3)*1*-7.
2, 5, 23, 37
Let l(z) = -2*z**3 + 56*z**2 - 6*z - 169. List the prime factors of l(-14).
11, 1489
Let m = -5493 + 18793. List the prime factors of m.
2, 5, 7, 19
Suppose 237 = -3*t + 75. Let h be 18/((t/68)/(-9)). Suppose 6*q = s + 3*q - 108, 2*s = 2*q + h. What are the prime factors of s?
3, 11
Suppose -4*w + 5*w = 45. Suppose 3*h - 1023 = -28*h. Let p = w + h. What are the prime factors of p?
2, 3, 13
Suppose -s - 4*m - 440 = 0, -2*m - 1300 = 3*s - 0*m. What are the prime factors of s/((-69)/12 + 5)?
2, 3
Let j = -23 + 16. Let t be (j + 6)*(-6356 - -1). List the prime factors of (-3)/(-7) - t/(-35).
2, 7, 13
Suppose 2*n - 686 = -5*n. Let g = -102 + n. List the prime factors of 123/5 - g/10.
5
What are the prime factors of (2703/(-2))/(-3) + (18/4 - 4)?
11, 41
What are the prime factors of (-828525)/(-75) - (1 - -6)?
2, 3, 5, 23
Let y = -4561 - -7703. What are the prime factors of y?
2, 1571
Suppose -8*b + 15 = -5*b. Suppose 5*c - 5 = b. Suppose -4*i + 8*i - 5*m - 57 = 0, -23 = -c*i - 3*m. What are the prime factors of i?
13
Let l(q) = -2*q**3 - 24*q**2 - 2*q - 12. Let t be l(-12). What are the prime factors of (15/(-2))/(-5) + 5346/t?
3, 149
Suppose -2*j = -5*g - 1522, -j - 4*g + 291 = -444. Let t = j + -494. List the prime factors of t.
257
List the prime factors of ((-3184)/456 - -7)*-6 - 55750/(-38).
3, 163
Let d(t) be the second derivative of -7*t**5/120 + 5*t**4/24 - 23*t**3/6 + 16*t. Let z(f) be the second derivative of d(f). List the prime factors of z(-7).
2, 3
Let n be (-15)/20 + ((-11145)/4)/5. Let j = -248 - n. Let k = j + -187. What are the prime factors of k?
3, 41
Suppose -304*i + 300*i = 2*p - 10740, -5*p = -3*i + 8029. List the prime factors of i.
2683
Let h be 1100/286 - (48/26 - 2). Suppose -797 = -h*a + 2599. List the prime factors of a.
3, 283
Let m be (-6)/(-51) - ((-1230)/(-17))/3. What are the prime factors of 14*(-778)/m - 6/(-36)?
2, 227
Suppose -3*j + 2*p = -16355, -5*j - 2*p + 24220 = -3017. What are the prime factors of j?
5449
Let z be 50/(-4)*(-60)/75. Suppose 4*s + 164 = 12*j - z*j, j + 5*s - 54 = 0. List the prime factors of j.
2, 37
List the prime factors of -8 - (-82743 + -25)/16.
5, 1033
Let s(b) = -5*b**3 - 11*b**2 + 4*b + 51. Let q(k) = -k**3 + 41*k**2 + 89*k - 134. Let x be q(43). List the prime factors of s(x).
3, 127
Suppose 351*k = 354*k - 396. Suppose 27*w = 25*w + k. What are the prime factors of w?
2, 3, 11
Suppose -h + 5*k = 2*k - 5071, 2*k = -5*h + 25440. What are the prime factors of h?
2, 2543
List the prime factors of (72/270)/((-9)/(-15))*195417/2.
2, 21713
What are the prime factors of -46*577*-1 - (-10257)/(-789)?
3, 37, 239
Let l be 0 - (-2010)/(-18)*-3. Let q = 387 - l. What are the prime factors of q?
2, 13
Suppose 3*c - 340 = k, c - 3*k - 110 = -2*k. Let h = -110 + c. Suppose x = -h*v + 168, 5*v - 316 = -0*x - 2*x. What are the prime factors of x?
2, 37
Let n = -19 + 22. Suppose 5*g = n*g + 3*g. Suppose 7*v - 23 - 5 = g. List the prime factors of v.
2
Let z(x) = 2*x + 43. Let p be z(-20). Let i(u) = u**2 - 3*u + 2. Let a be i(p). What are the prime factors of (-5)/(a*(28/(-8) + 3))?
5
Let d be ((-56)/140)/(118/120 - 1). Suppose 12*o - 28800 = -d*o. List the prime factors of o.
2, 5
Suppose 0 = 44*t + 9703 - 31527. Let n = 765 + t. List the prime factors of n.
13, 97
Let t(z) = 2*z**3 - 20*z**2 + 17*z - 8. Let k be t(11). Suppose 3*x = y + 1261, -x + k = -2*y + y. List the prime factors of x.
2, 3, 5, 7
Let p = 250 - 239. Suppose 0 = -p*h + 4923 - 765. What are the prime factors of h?
2, 3, 7
Let i(u) = u**3 - 3*u**2 - 24*u - 33. Let a be i(11). Suppose 0*d - 4*d = -5*n - a, 2*n - 10 = 0. What are the prime factors of d?
2, 3, 29
Let g(z) = z**3 - 12*z**2 - 12*z + 220. List the prime factors of g(22).
2, 11, 109
Let c(q) = -q + 23. Let m(n) = -n + 1. Let i(b) = -c(b) - 5*m(b). Let h be i(-9). Let a = 141 + h. What are the prime factors of a?
59
Let i(v) be the first derivative of -v**4/4 + 3*v**3 + 11*v**2/2 - 7. Let t be i(8). Let g = t - 77. List the prime factors of g.
3, 5
Suppose 0 = -5*j + 5*a + 1448 - 3523, 2*j - 3*a = -829. Let k = 461 + j. What are the prime factors of k?
3, 5
Let a(s) = -s**2 + 210*s - 1996. What are the prime factors of a(132)?
2, 5, 83
Let n(c) = -2*c + 18. Let k be n(9). Suppose -2*a + 4*v + 984 = k, 0*a + 4*a - v = 1968. Suppose -15*j + 12*j = -a. What are the prime factors of j?
2, 41
Suppose 51*p - c = 54*p - 10, 2*c - 5 = -3*p. Suppose -3*j = -0*j. Suppose j = m + p*m - 186. List the prime factors of m.
31
Let m(v) = v**2 - 13*v + 14. Let j be m(10). Let o = 163 + j. List the prime factors of o.
3, 7
Suppose 2835 = 394*k - 387*k. Suppose s - 2*h = -31 - 243, -5*s - 1396 = 3*h. Let q = s + k. What are the prime factors of q?
127
Suppose -3*q + 7*q + 1372 = 5*g, 0 = -5*g. Let c = q - -528. What are the prime factors of c?
5, 37
What are the prime factors of (18 - (-87712)/(-28))*-14?
2, 11, 991
Suppose 232145 + 456607 = 72*i. List the prime factors of i.
2, 4783
Let r = 10 + -3. Suppose -r*u = -8*u - 102. Let f = -27 - u. List the prime factors of f.
3, 5
Suppose 4*c = -2*d - 4638 + 26496, -c = -5*d - 5437. Let n = c - 3576. What are the prime factors of n?
2, 23, 41
Let q = 2 - 7. Let o(a) be the second derivative of -a**4/12 - a**3 - a**2/2 - 376*a - 2. List the prime factors of o(q).
2
Let j be 4/14 - (1 + 38/(-14)). Suppose 5*n - 4*h - 138 = 3*n, -321 = -5*n + j*h. List the prime factors of n.
3, 7
Let u(t) = -87*t**2 - 5*t + 7. Let q be u(2). Let v = q - -723. Suppose w + 2*k - 7*k - 79 = 0, -2*k = -5*w + v. List the prime factors of w.
2, 37
Let f = 7550 + -3294. List the prime factors of f.
2, 7, 19
Let j be ((-38)/(-4) + 2)*2. Let y(d) = 2*d + 12 - j*d**2 + 24*d**2 - 5*d. List the prime factors of y(9).
2, 3, 11
Let t(a) = -6*a + 12. Let s be t(3). Let k = s + 25. Suppose -14*y = -k*y + 285. What are the prime factors of y?
3, 19
Let z(y) = y**3 + 9*y**2 - 4*y - 13. Let d be z(-9). Suppose 27*t - 3120 = d*t. List the prime factors of t.
2, 3, 5, 13
Let z be 0/(24/8) + 